{"id":143,"date":"2016-04-15T20:15:17","date_gmt":"2016-04-15T18:15:17","guid":{"rendered":"http:\/\/www.lethonquirit.com\/?page_id=143"},"modified":"2021-06-22T08:58:39","modified_gmt":"2021-06-22T06:58:39","slug":"mentions-legales","status":"publish","type":"page","link":"http:\/\/www.lethonquirit.com\/index.php\/mentions-legales\/","title":{"rendered":"Mentions l\u00e9gales"},"content":{"rendered":"<p>Propri\u00e9taire du site :\u2028 Le Thon Qui Rit &#8211; 5 rue de la croix blanche &#8211; 56320 LE FAOU\u00cbT \u00a0&#8211; T\u00e9l. 02 97 23 21 67<\/p>\n<p>Responsables de la publication : \u2028Le Thon Qui Rit &#8211; 5 rue de la croix blanche &#8211; 56320 LE FAOU\u00cbT \u00a0&#8211; T\u00e9l. 02 97 23 21 67<\/p>\n<p>Respect des droits d\u2019auteur :<\/p>\n<p>Ce site est destin\u00e9 \u00e0 votre information. Vous disposez d\u2019un droit d\u2019utilisation, \u00e0 des fins exclusivement personnelles et non commerciales, des informations qui y sont contenues. Vous n\u2019\u00eates donc pas autoris\u00e9s \u00e0 modifier, distribuer, transmettre, diffuser, repr\u00e9senter, reproduire, publier, transf\u00e9rer ou vendre tout ou partie de ce site, tout document t\u00e9l\u00e9charg\u00e9 \u00e0 partir de ce site ou toutes listes de liens obtenues \u00e0 partir de ce site, ni \u00e0 cr\u00e9er des oeuvres d\u00e9riv\u00e9es de ces documents ou listes de liens, sauf accord particulier et pr\u00e9alable conclu avec l\u2019\u00e9diteur et\/ou l\u2019auteur. Tout lien avec le pr\u00e9sent site doit faire l\u2019objet d\u2019un accord pr\u00e9alable du webmaster. \u2028\u2028Epreuves photographiques et cartographiques : \u2028certaines images utilis\u00e9es pour la r\u00e9alisation du site Web sont la propri\u00e9t\u00e9 de la Pizz\u00e9ria le Thon qui rit, d&rsquo;autres sont libre de droit via le site web Librestock .<\/p>\n<p>Toute copie, totale ou partielle, ne peut se faire sans l\u2019accord des propri\u00e9taires. \u2028\u2028Informatique et libert\u00e9 :\u2028Conform\u00e9ment \u00e0 la loi fran\u00e7aise (article 27 de la loi 78.17 du 06.01.78) relative \u00e0 l\u2019informatique, aux fichiers et aux libert\u00e9s, un droit d\u2019acc\u00e8s et de rectification des donn\u00e9es conserv\u00e9es est ouvert aupr\u00e8s de : Le Thon Qui Rit &#8211; 5 rue de la croix blanche &#8211; 56320 LE FAOU\u00cbT \u00a0&#8211; T\u00e9l. 02 97 23 21 67<\/p>\n","protected":false},"excerpt":{"rendered":"<p>Propri\u00e9taire du site :\u2028 Le Thon Qui Rit &#8211; 5 rue de la croix blanche &#8211; 56320 LE FAOU\u00cbT \u00a0&#8211; T\u00e9l. 02 97 23 21 67 Responsables de la publication : \u2028Le Thon Qui Rit &#8211; 5 rue de la croix blanche &#8211; 56320 LE FAOU\u00cbT \u00a0&#8211; T\u00e9l. 02 97 23 21 67 Respect des<br \/><a class=\"moretag\" href=\"http:\/\/www.lethonquirit.com\/index.php\/mentions-legales\/\">+ Read More<\/a><\/p>\n","protected":false},"author":1,"featured_media":0,"parent":0,"menu_order":0,"comment_status":"closed","ping_status":"closed","template":"","meta":{"spay_email":""},"jetpack_shortlink":"https:\/\/wp.me\/P7rQ6q-2j","_links":{"self":[{"href":"http:\/\/www.lethonquirit.com\/index.php\/wp-json\/wp\/v2\/pages\/143"}],"collection":[{"href":"http:\/\/www.lethonquirit.com\/index.php\/wp-json\/wp\/v2\/pages"}],"about":[{"href":"http:\/\/www.lethonquirit.com\/index.php\/wp-json\/wp\/v2\/types\/page"}],"author":[{"embeddable":true,"href":"http:\/\/www.lethonquirit.com\/index.php\/wp-json\/wp\/v2\/users\/1"}],"replies":[{"embeddable":true,"href":"http:\/\/www.lethonquirit.com\/index.php\/wp-json\/wp\/v2\/comments?post=143"}],"version-history":[{"count":3,"href":"http:\/\/www.lethonquirit.com\/index.php\/wp-json\/wp\/v2\/pages\/143\/revisions"}],"predecessor-version":[{"id":243,"href":"http:\/\/www.lethonquirit.com\/index.php\/wp-json\/wp\/v2\/pages\/143\/revisions\/243"}],"wp:attachment":[{"href":"http:\/\/www.lethonquirit.com\/index.php\/wp-json\/wp\/v2\/media?parent=143"}],"curies":[{"name":"wp","href":"https:\/\/api.w.org\/{rel}","templated":true}]}}